{"id":143,"date":"2012-02-22T13:18:30","date_gmt":"2012-02-22T13:18:30","guid":{"rendered":"http:\/\/mszana.dukla.pl\/?page_id=143"},"modified":"2014-09-12T08:58:02","modified_gmt":"2014-09-12T08:58:02","slug":"galeria-wasyla-falla","status":"publish","type":"page","link":"https:\/\/mszana.dukla.pl\/?page_id=143","title":{"rendered":"Galeria Wasyla Falla"},"content":{"rendered":"<p>WASYL FALL lat 43, z wyksztacenia tokarz. Kocha spok\u00f3j i cisz\u0119, przyrod\u0119 i fotografowanie.<\/p>\nngg_shortcode_0_placeholder\n","protected":false},"excerpt":{"rendered":"<p>WASYL FALL lat 43, z wyksztacenia tokarz. Kocha spok\u00f3j i cisz\u0119, przyrod\u0119 i fotografowanie.<\/p>\n","protected":false},"author":1,"featured_media":0,"parent":0,"menu_order":0,"comment_status":"open","ping_status":"open","template":"","meta":{"ngg_post_thumbnail":0,"footnotes":""},"class_list":["post-143","page","type-page","status-publish","hentry"],"_links":{"self":[{"href":"https:\/\/mszana.dukla.pl\/index.php?rest_route=\/wp\/v2\/pages\/143","targetHints":{"allow":["GET"]}}],"collection":[{"href":"https:\/\/mszana.dukla.pl\/index.php?rest_route=\/wp\/v2\/pages"}],"about":[{"href":"https:\/\/mszana.dukla.pl\/index.php?rest_route=\/wp\/v2\/types\/page"}],"author":[{"embeddable":true,"href":"https:\/\/mszana.dukla.pl\/index.php?rest_route=\/wp\/v2\/users\/1"}],"replies":[{"embeddable":true,"href":"https:\/\/mszana.dukla.pl\/index.php?rest_route=%2Fwp%2Fv2%2Fcomments&post=143"}],"version-history":[{"count":6,"href":"https:\/\/mszana.dukla.pl\/index.php?rest_route=\/wp\/v2\/pages\/143\/revisions"}],"predecessor-version":[{"id":691,"href":"https:\/\/mszana.dukla.pl\/index.php?rest_route=\/wp\/v2\/pages\/143\/revisions\/691"}],"wp:attachment":[{"href":"https:\/\/mszana.dukla.pl\/index.php?rest_route=%2Fwp%2Fv2%2Fmedia&parent=143"}],"curies":[{"name":"wp","href":"https:\/\/api.w.org\/{rel}","templated":true}]}}

<p>WASYL FALL lat 43, z wyksztacenia tokarz. Kocha spokój i ciszę, przyrodę i fotografowanie.</p>
ngg_shortcode_0_placeholder

<p>WASYL FALL lat 43, z wyksztacenia tokarz. Kocha spokój i ciszę, przyrodę i fotografowanie.</p>
