{"id":151,"date":"2012-02-23T10:05:49","date_gmt":"2012-02-23T10:05:49","guid":{"rendered":"http:\/\/mszana.dukla.pl\/?page_id=151"},"modified":"2012-03-01T10:12:33","modified_gmt":"2012-03-01T10:12:33","slug":"dom-ludowy","status":"publish","type":"page","link":"https:\/\/mszana.dukla.pl\/?page_id=151","title":{"rendered":"Dom ludowy"},"content":{"rendered":"<h1>Aktuaklno\u015bci<\/h1>\n<ul class=\"lcp_catlist\" id=\"lcp_instance_0\"><li><a href=\"https:\/\/mszana.dukla.pl\/?p=1340\">Ro\u015bnij altano!<\/a><\/li><li><a href=\"https:\/\/mszana.dukla.pl\/?p=1319\">Warsztaty mykologiczne  w  Mszanie<\/a><\/li><li><a href=\"https:\/\/mszana.dukla.pl\/?p=715\">REMONT \u015aWIETLICY W MSZANIE \u2013 DROGA PRZEZ M\u0118K\u0118<\/a><\/li><li><a href=\"https:\/\/mszana.dukla.pl\/?p=375\">\u017beby nam si\u0119 chcia\u0142o chcie\u0107!<\/a><\/li><\/ul>\n<p>&#8212;&#8212;&#8212;&#8212;&#8212;&#8212;&#8212;&#8212;&#8212;&#8212;&#8212;&#8212;&#8212;&#8212;&#8212;&#8212;&#8212;&#8212;&#8212;&#8212;&#8212;&#8212;&#8212;&#8212;&#8212;&#8212;&#8212;&#8212;<\/p>\n<h1>Rys historyczny<\/h1>\n<p>Dom Ludowy wybudowany zosta\u0142 jako \u201edom gromadzki\u201d w 1936 r.<\/p>\n<p>W czasie wojny i w pierwszych latach po wojnie stacjonowa\u0142o w nim wojsko, potem by\u0142o mieszkaniem le\u015bniczego a na koniec domem przej\u015bciowym dla pogorzelc\u00f3w. By\u0142a tam te\u017c zlewnia mleka.<\/p>\n<p>Na prze\u0142omie lat 1971\/72 mieszka\u0144cy wsi \u00a0rozpocz\u0119li\u00a0 remont budynku. Wyremontowali du\u017c\u0105 sal\u0119 w wersji s\u0142u\u017c\u0105cej nam do dzisiaj. Zrobili te\u017c wtedy sto\u0142y i \u0142awy, kt\u00f3re nadal u\u017cytkujemy.<\/p>\n<p>Od 2007\u00a0 roku zmienia si\u0119 wygl\u0105d budynku. Zamienili\u015bmy piec \u201ekoz\u0119\u201d na kominek. W 2010 r doprowadzona zosta\u0142a woda (wcze\u015bniej to, \u017ce naczynia do mycia nosi\u0142o si\u0119 do dom\u00f3w, a po wod\u0119 do mycia pod\u0142\u00f3g biega\u0142o do rzeki &#8211;\u00a0 nie przeszkadza\u0142o m\u0142odzie\u017cy w przebywaniu w budynku ok. 250 razy w roku). Wyremontowali\u015bmy w czynie spo\u0142ecznym pomieszczenia \u015bwietlicowe. Mamy now\u0105 pod\u0142og\u0119 i nadziej\u0119 na dalszy remont.<\/p>\n<p>G\u0142\u00f3wny remont pomieszcze\u0144 \u015bwietlicowych\u00a0 zako\u0144czy\u0142 si\u0119 przed spotkaniem wigilijnym w 2008 roku. Powsta\u0142a wtedy taka piosenka:<\/p>\n<p>&nbsp;<\/p>\n<p>Pi\u0119kna nasza Polka ca\u0142a, pi\u0119kna, \u017cyzna i niema\u0142a,<\/p>\n<p>Wiele krain, wiele lud\u00f3w, wiele miast i wiele cud\u00f3w.<\/p>\n<p>Lecz najwi\u0119cej uczu\u0107 budzi<\/p>\n<p>Mszana \u2013 wioska wolnych ludzi.<\/p>\n<p>&nbsp;<\/p>\n<p style=\"padding-left: 30px;\">Jo jest wolny, ty\u015b jest wolny<\/p>\n<p style=\"padding-left: 30px;\">P\u00f3jdziemy do g\u00f3ry.<\/p>\n<p style=\"padding-left: 30px;\">Pomo\u017cemy remontowa\u0107<\/p>\n<p style=\"padding-left: 30px;\">Wiejski dom kultury.<\/p>\n<p style=\"padding-left: 30px;\">Pomy\u015bleli, wolno poszli<\/p>\n<p style=\"padding-left: 30px;\">Piwko wpierw wypili<\/p>\n<p style=\"padding-left: 30px;\">A tymczasem Dziadek z Gienkiem<\/p>\n<p style=\"padding-left: 30px;\">Robot\u0119 zrobili.<\/p>\n<p>&nbsp;<\/p>\n<p>Jo jest wolny, ty\u015b jest wolny<\/p>\n<p>Dom ludowy czeka.<\/p>\n<p>Mo\u017ce by my sobie poszli<\/p>\n<p>Troch\u0119 ponarzeka\u0107:<\/p>\n<p>Tutaj krzywo, tam nier\u00f3wno<\/p>\n<p>Rzek\u0142 i piwka goln\u0105\u0142,<\/p>\n<p>A w og\u00f3le: czemu idzie<\/p>\n<p>Robota tak wolno?<\/p>\n<p>&nbsp;<\/p>\n<p style=\"padding-left: 30px;\">Tak tygodnie przemin\u0119\u0142y \u00a0w mozole i trudzie<\/p>\n<p style=\"padding-left: 30px;\">Lecz\u00a0 we Mszanie opr\u00f3cz wolnych<\/p>\n<p style=\"padding-left: 30px;\">S\u0105 te\u017c pr\u0119dkie ludzie.<\/p>\n<p style=\"padding-left: 30px;\">Przez tygodnie nie puszczali m\u0142otka, p\u0119dzla z r\u0119ki<\/p>\n<p style=\"padding-left: 30px;\">By\u015bmy dzisiaj za\u015bpiewali:<\/p>\n<p style=\"padding-left: 30px;\">P\u00d3JD\u0179MY WSZYSCY DO STAJENKI\u2026.<\/p>\n<p>&nbsp;<\/p>\n","protected":false},"excerpt":{"rendered":"<p>Aktuaklno\u015bci &#8212;&#8212;&#8212;&#8212;&#8212;&#8212;&#8212;&#8212;&#8212;&#8212;&#8212;&#8212;&#8212;&#8212;&#8212;&#8212;&#8212;&#8212;&#8212;&#8212;&#8212;&#8212;&#8212;&#8212;&#8212;&#8212;&#8212;&#8212; Rys historyczny Dom Ludowy wybudowany zosta\u0142 jako \u201edom gromadzki\u201d w 1936 r. W czasie wojny i w pierwszych latach po wojnie stacjonowa\u0142o w nim wojsko, potem by\u0142o mieszkaniem le\u015bniczego a na koniec domem przej\u015bciowym dla pogorzelc\u00f3w. By\u0142a tam te\u017c zlewnia mleka. Na prze\u0142omie lat 1971\/72 mieszka\u0144cy wsi \u00a0rozpocz\u0119li\u00a0 remont budynku. Wyremontowali du\u017c\u0105 sal\u0119 [&hellip;]<\/p>\n","protected":false},"author":1,"featured_media":0,"parent":0,"menu_order":0,"comment_status":"open","ping_status":"open","template":"","meta":{"ngg_post_thumbnail":0,"footnotes":""},"class_list":["post-151","page","type-page","status-publish","hentry"],"_links":{"self":[{"href":"https:\/\/mszana.dukla.pl\/index.php?rest_route=\/wp\/v2\/pages\/151","targetHints":{"allow":["GET"]}}],"collection":[{"href":"https:\/\/mszana.dukla.pl\/index.php?rest_route=\/wp\/v2\/pages"}],"about":[{"href":"https:\/\/mszana.dukla.pl\/index.php?rest_route=\/wp\/v2\/types\/page"}],"author":[{"embeddable":true,"href":"https:\/\/mszana.dukla.pl\/index.php?rest_route=\/wp\/v2\/users\/1"}],"replies":[{"embeddable":true,"href":"https:\/\/mszana.dukla.pl\/index.php?rest_route=%2Fwp%2Fv2%2Fcomments&post=151"}],"version-history":[{"count":6,"href":"https:\/\/mszana.dukla.pl\/index.php?rest_route=\/wp\/v2\/pages\/151\/revisions"}],"predecessor-version":[{"id":155,"href":"https:\/\/mszana.dukla.pl\/index.php?rest_route=\/wp\/v2\/pages\/151\/revisions\/155"}],"wp:attachment":[{"href":"https:\/\/mszana.dukla.pl\/index.php?rest_route=%2Fwp%2Fv2%2Fmedia&parent=151"}],"curies":[{"name":"wp","href":"https:\/\/api.w.org\/{rel}","templated":true}]}}

<h1>Aktuaklności</h1>
<ul class="lcp_catlist" id="lcp_instance_0"><li><a href="https://mszana.dukla.pl/?p=1340">Rośnij altano!</a></li><li><a href="https://mszana.dukla.pl/?p=1319">Warsztaty mykologiczne  w  Mszanie</a></li><li><a href="https://mszana.dukla.pl/?p=715">REMONT ŚWIETLICY W MSZANIE – DROGA PRZEZ MĘKĘ</a></li><li><a href="https://mszana.dukla.pl/?p=375">Żeby nam się chciało chcieć!</a></li></ul>
<p>&#8212;&#8212;&#8212;&#8212;&#8212;&#8212;&#8212;&#8212;&#8212;&#8212;&#8212;&#8212;&#8212;&#8212;&#8212;&#8212;&#8212;&#8212;&#8212;&#8212;&#8212;&#8212;&#8212;&#8212;&#8212;&#8212;&#8212;&#8212;</p>
<h1>Rys historyczny</h1>
<p>Dom Ludowy wybudowany został jako „dom gromadzki” w 1936 r.</p>
<p>W czasie wojny i w pierwszych latach po wojnie stacjonowało w nim wojsko, potem było mieszkaniem leśniczego a na koniec domem przejściowym dla pogorzelców. Była tam też zlewnia mleka.</p>
<p>Na przełomie lat 1971/72 mieszkańcy wsi  rozpoczęli  remont budynku. Wyremontowali dużą salę w wersji służącej nam do dzisiaj. Zrobili też wtedy stoły i ławy, które nadal użytkujemy.</p>
<p>Od 2007  roku zmienia się wygląd budynku. Zamieniliśmy piec „kozę” na kominek. W 2010 r doprowadzona została woda (wcześniej to, że naczynia do mycia nosiło się do domów, a po wodę do mycia podłóg biegało do rzeki &#8211;  nie przeszkadzało młodzieży w przebywaniu w budynku ok. 250 razy w roku). Wyremontowaliśmy w czynie społecznym pomieszczenia świetlicowe. Mamy nową podłogę i nadzieję na dalszy remont.</p>
<p>Główny remont pomieszczeń świetlicowych  zakończył się przed spotkaniem wigilijnym w 2008 roku. Powstała wtedy taka piosenka:</p>
<p>&nbsp;</p>
<p>Piękna nasza Polka cała, piękna, żyzna i niemała,</p>
<p>Wiele krain, wiele ludów, wiele miast i wiele cudów.</p>
<p>Lecz najwięcej uczuć budzi</p>
<p>Mszana – wioska wolnych ludzi.</p>
<p>&nbsp;</p>
<p style="padding-left: 30px;">Jo jest wolny, tyś jest wolny</p>
<p style="padding-left: 30px;">Pójdziemy do góry.</p>
<p style="padding-left: 30px;">Pomożemy remontować</p>
<p style="padding-left: 30px;">Wiejski dom kultury.</p>
<p style="padding-left: 30px;">Pomyśleli, wolno poszli</p>
<p style="padding-left: 30px;">Piwko wpierw wypili</p>
<p style="padding-left: 30px;">A tymczasem Dziadek z Gienkiem</p>
<p style="padding-left: 30px;">Robotę zrobili.</p>
<p>&nbsp;</p>
<p>Jo jest wolny, tyś jest wolny</p>
<p>Dom ludowy czeka.</p>
<p>Może by my sobie poszli</p>
<p>Trochę ponarzekać:</p>
<p>Tutaj krzywo, tam nierówno</p>
<p>Rzekł i piwka golnął,</p>
<p>A w ogóle: czemu idzie</p>
<p>Robota tak wolno?</p>
<p>&nbsp;</p>
<p style="padding-left: 30px;">Tak tygodnie przeminęły  w mozole i trudzie</p>
<p style="padding-left: 30px;">Lecz  we Mszanie oprócz wolnych</p>
<p style="padding-left: 30px;">Są też prędkie ludzie.</p>
<p style="padding-left: 30px;">Przez tygodnie nie puszczali młotka, pędzla z ręki</p>
<p style="padding-left: 30px;">Byśmy dzisiaj zaśpiewali:</p>
<p style="padding-left: 30px;">PÓJDŹMY WSZYSCY DO STAJENKI….</p>
<p>&nbsp;</p>

<p>Aktuaklności &#8212;&#8212;&#8212;&#8212;&#8212;&#8212;&#8212;&#8212;&#8212;&#8212;&#8212;&#8212;&#8212;&#8212;&#8212;&#8212;&#8212;&#8212;&#8212;&#8212;&#8212;&#8212;&#8212;&#8212;&#8212;&#8212;&#8212;&#8212; Rys historyczny Dom Ludowy wybudowany został jako „dom gromadzki” w 1936 r. W czasie wojny i w pierwszych latach po wojnie stacjonowało w nim wojsko, potem było mieszkaniem leśniczego a na koniec domem przejściowym dla pogorzelców. Była tam też zlewnia mleka. Na przełomie lat 1971/72 mieszkańcy wsi  rozpoczęli  remont budynku. Wyremontowali dużą salę [&hellip;]</p>
